 + 0). Let p = o - -98. Suppose m = p + 41. Is m composite?
False
Let w(x) be the second derivative of 13*x**3/6 + x**2 - 9*x. Let m be w(2). Is 21/m - (-2338)/8 a prime number?
True
Suppose o = -0*a + 3*a + 5, 4*o + 3*a - 20 = 0. Suppose 4*u + o*k = -u + 125, -15 = -u + 4*k. Suppose u*j - 26*j = -615. Is j prime?
False
Suppose -4*w - 88 = t, -5*t + 5*w + 20 = 510. Let n = t + 1007. Is n composite?
False
Suppose 20*x = 185139 + 159521. Is x a prime number?
False
Let d(b) = b**2 - 7*b - 7. Let k(s) = -s - 14. Let z be k(-7). Is d(z) a composite number?
True
Suppose 4*z = 4*v - 88032, -20*v + 17*v - 3*z = -66030. Is v prime?
False
Suppose 4*w + 6370 = 31318. Let f = w + 998. Is f composite?
True
Let n(k) = 676*k - 369. Is n(22) composite?
False
Let c = 21 + -17. Suppose 5*f - 19 = -c. Suppose -3*p - f = -18, -2*y + 76 = -2*p. Is y a prime number?
True
Suppose -8*h = h - 45. Suppose -2*t - h*m = -1102, -2*t - 2*m + 653 = -437. Is t composite?
False
Suppose 203*c + 120 = 198*c. Let n(k) = -37*k - 67. Is n(c) a composite number?
False
Suppose 0 = 5*k - 39 - 21. Is (k/16 - 1) + (-1018)/(-8) a prime number?
True
Suppose -2*k + 2*j + 19474 = 0, 4*k - 5*j = k + 29219. Is k prime?
True
Let d(s) = s**2 + 7*s - 24. Let w be d(-9). Is (-2)/w + (-21952)/(-42) a composite number?
False
Let q(x) = -x**3 + 5*x**2 - 2*x + 4. Let c be q(5). Is ((-22)/c - 4)*-93 a composite number?
False
Suppose 0 = -5*k + q - 1059, -4*q = -3*k + k - 438. Let p = k + 151. Let c = p - -151. Is c prime?
False
Let b be -3 - (-2*2 + 4809/(-3)). Suppose 5*t - 1580 = -5*d, -5*t - 2*d = -5*d - b. Is t a prime number?
False
Let h(b) = 4*b**2 + 8*b + 21. Let n be h(-16). Suppose 7*c - 98 = n. Is c a prime number?
False
Suppose -3*v - v + 4*d = 32, -1 = -v - 2*d. Let g(x) = -2*x**3 + x**2 - 8*x - 8. Is g(v) composite?
False
Suppose m + 17135 = 5*i, -8*m + 10*m + 13708 = 4*i. Is i a prime number?
False
Let h(j) = -5*j**3 - 6*j**2 - 2*j + 13. Let b be (-8)/1 + 4 + -2. Is h(b) prime?
False
Let j = 1090 - 81. Is j a composite number?
False
Is 27923/(21/3) + -4 a composite number?
True
Suppose 5*f + 2*v - v = 57, -3*f + 3*v + 45 = 0. Let d(s) = s**3 - 13*s**2 + 13*s - 18. Let k be d(f). Is 1/k - 187/(-6) a composite number?
False
Let y = -70 - -66. Is 2818 - (y/2 + (-1)/(-1)) prime?
True
Is (-2 + (-63)/(-14))*10666 prime?
False
Let b = 19258 + -83079. Is b/(-76) + (-3)/4 a prime number?
True
Suppose -v + 2 = -3. Let m(s) = 5*s**3 - 5*s**2 + 2*s - 5. Is m(v) a composite number?
True
Let k = -662 + 1699. Is k prime?
False
Let w(k) = -k**2 + 6*k - 1. Let p be w(4). Let j(h) = 26*h + 9. Is j(p) prime?
True
Let r(s) = 51*s**3 - 3*s**2 - 11*s + 2. Is r(5) prime?
True
Suppose 21*k = -36787 + 297586. Is k a prime number?
False
Suppose -10 = 8*b - 3*b, -233 = -d + 5*b. Is d a composite number?
False
Let d(f) = -f**2 + 4. Let u be d(0). Is 1338/(-9)*(-6)/u prime?
True
Let h(s) = s + 563. Let j(x) = -x**3 + 6*x**2 - 3*x - 3. Let z be j(4). Let m = z - 17. Is h(m) prime?
True
Suppose 9*z - 34676 = 80947. Is z composite?
True
Let d(z) = -2*z + 3. Let x be d(-1). Suppose -p + 68 = 2*t + 2*p, -64 = -2*t - x*p. Is t a prime number?
True
Let j(b) = -b**3 - 8*b**2 + 9*b + 4. Let p be j(-9). Suppose p*k - k = 165. Suppose -3*u + k = -20. Is u a composite number?
True
Let d = -97185 - -140408. Is d composite?
False
Let w = -8 + 10. Let k(b) = 3*b**2 + 1 + 4*b + 13*b**w - 2*b - 4*b**2. Is k(4) composite?
True
Let j(i) = -i**2 + 5*i + 2. Let p be j(6). Let l(z) = 11*z**2 - 10*z**2 + 5*z + 6*z**2 + 5. Is l(p) composite?
False
Let q(d) = d**2 + 3*d + 1. Let a be q(-3). Suppose -26*m - 12*m = -15*m. Is a - 2 - (m + -372) composite?
True
Suppose 0*x = -x + 5, -x + 1190 = 3*n. Suppose -5*v = -5*h - 1170, -2*h - 477 = -3*v + 4*v. Let b = h + n. Is b composite?
True
Suppose 0 = 3*s + 4*d - 8805, -4*d + 6 - 18 = 0. Is s composite?
False
Let f = -30 + 69. Let y(v) = 4*v - 15. Let x be y(7). Is (-2)/x - (-2151)/f a prime number?
False
Let l = 4308 - -535. Is l composite?
True
Let v be (5 - 3 - 4)*-1. Suppose 0 = -v*m + 8, -282 = -o + 5*m + 522. Is o/4 - (1 + 2) a composite number?
True
Let v(h) be the first derivative of -h**4/4 - 2*h**3 + 3*h**2 + 30*h + 17. Is v(-9) composite?
True
Suppose -4*m - 2*p + 86 = 0, 0 = 4*m + m + 3*p - 108. Suppose -2*s + 5*s = -m. Is (s - -8)*257*1 a prime number?
True
Suppose 0 = -12*s + 15*s - 15. Is (-550)/6*-2 - s/15 a prime number?
False
Let q = -20 - -23. Suppose 4*d - o - 4*o = 23, 2*d = 5*o + 19. Suppose d*x - 445 = -q*x. Is x prime?
True
Let o(r) = 2*r - 10*r - 471*r**2 + 485*r**2 + 1. Is o(5) prime?
True
Suppose -10*s = -13*s + 11361. Is s a composite number?
True
Let y = -571 - -1070. Is y a prime number?
True
Is (-325600)/(-125) + (-2)/(-10) a prime number?
False
Suppose -3*v - 2*g + g + 5185 = 0, -3*v = -4*g - 5165. Suppose -5*n - 3606 + 150 = -2*y, -y = -3*n - v. Is y prime?
True
Suppose -375 - 2828 = -r. Is r a prime number?
True
Suppose 3*s - 2*g - 29 = 0, -4*s + 2*g + 20 = -16. Let z(h) = 130*h - 45. Is z(s) a prime number?
False
Is 777432/56 + (-8)/(-28) prime?
True
Let v(g) = 46*g + 5. Let u(z) = -z - 1. Let m(s) = -2*u(s) + v(s). Let p = 23 - 15. Is m(p) composite?
True
Suppose 5*b - 6*b + 6 = -4*p, 8 = 3*b - 2*p. Suppose 3205 = 3*q - 5*g + g, -q + b*g = -1069. Is q prime?
False
Let t(f) = -522*f + 5. Let n = -43 - -41. Is t(n) prime?
True
Let t(f) = -45*f**2 - f + 1. Let d be t(2). Let s = d - -277. Suppose -s - 91 = -h. Is h a prime number?
False
Suppose -82*d + 186574 = -80*d. Is d composite?
False
Let g = 13 + -3. Suppose g = n + 1. Suppose 2*s = -n + 23. Is s a prime number?
True
Suppose -5*r + 5*m - 30 = 0, 10 = -0*r - 5*r + m. Let w(g) = -12*g**3 - g**2 - 2. Let b be w(-2). Let f = r + b. Is f prime?
True
Suppose -1512 = -4*m + 4*t + 1824, 0 = 4*m + 4*t - 3328. Let a = m - 192. Is a a composite number?
False
Suppose -12*j - 109852 = -16*j - 4*q, -2*q - 54918 = -2*j. Is j prime?
False
Let s be (-4)/18 + 2260400/225. Suppose -2*a = 5*y - 12569, 11*y = 7*y + 3*a + s. Is y prime?
False
Suppose -225 + 2109 = -6*n. Let p = 77 - n. Is p prime?
False
Let o(l) = 17*l**2 + 13*l + 55. Is o(-27) a composite number?
False
Suppose 4*u = -2*f + 62, 7 - 50 = -3*u - 5*f. Let s = u - 2. Let l(b) = 5*b**2 - 14*b - 3. Is l(s) prime?
False
Suppose 0 = -5*t + t - 2*c + 16, 2*t - 5*c - 8 = 0. Suppose y = -m + 5985, 2*y - 3*y = t*m - 23928. Is m a prime number?
True
Suppose -2*w + 100 = 3*l, -2*w - 4*l - l = -96. Is w composite?
False
Is (308/8)/(-7)*-58 a composite number?
True
Suppose -2*q + 4*b = -4, -q + b + 9 = 6*b. Let z = -83 + 88. Suppose z*k = q*k + 65. Is k a prime number?
False
Suppose 17509 = 6*w - 4013. Is w prime?
False
Suppose 0 = -4*a - 17 - 3. Let q(z) = -z**3 - 5*z**2 - 3*z + 6. Is q(a) a composite number?
True
Let f(r) = 2006*r + 203. Is f(15) a prime number?
True
Is (22679/(-3))/(-3*2/18) a composite number?
False
Let t(g) be the first derivative of 49*g**3/3 - 3*g**2/2 - 3*g - 10. Is t(-2) a composite number?
False
Let l(p) = 1789*p**2 + 9*p. Let s(d) = -894*d**2 - 5*d. Let c(a) = -3*l(a) - 5*s(a). Let h be c(3). Is h/(-27) - 4/18 composite?
True
Is (-1 - 5)*(7 + 492678/(-108)) prime?
True
Suppose 4*d + 330 = b, -6*b + 3*d - 671 = -8*b. Is b composite?
True
Let x be (-38 + -1)*(-36)/(-27). Let r = x - -158. Is r composite?
True
Suppose -14 = -7*o + 7. Suppose 4*m = -5*t + 5585, -m - 3351 = -o*t - 3*m. Is t a composite number?
False
Let l(k) = -1088*k + 39. Is l(-4) a composite number?
False
Let p(n) = -n**3 + 10*n**2 + 11*n - 1. Suppose -9 + 20 = t. Let h be p(t). Is (-15)/5 + 131 + h a composite number?
False
Let r(w) be the first derivative of -w**7/280 + w**6/180 + w**5/60 + w**4/24 + 2*w**3/3 + 2. Let g(y) be the third derivative of r(y). Is g(-4) composite?
True
Suppose -2*p + 45420 = 4*x, 0 = 33*p - 34*p + 3*x + 22690. Is p a composite number?
True
Let d = 74 - 72. Is 1*260 - d/2 a composite number?
True
Let i(z) = 5 + 3 - 8 - 5*z + 11. Is i(-7) a composite number?
True
Let o be -2*-11*43*19. Suppose -4*a - 2*m - 23956 = -m, 0 = -3*a + m - o. Is (-6)/36 - a/12 composite?
False
Suppose 5*i - 10 = -0*i. Let r = i - -5. Suppose 4*t - 333 = r. Is t a composite number?
True
Suppose -c = 4*c - 290. Suppose o + 95 = -3*g - 2*g, 0 = 3*o. Let i = c - g. Is i a composite